r(5). Let o = 952 + z. List the prime factors of o.
2, 3, 5, 13
Let t(q) = -1684*q + 72. What are the prime factors of t(-6)?
2, 3, 53
List the prime factors of (-57556)/(-6)*((-204)/(-8))/(-17)*-1.
14389
Let r be (4 - 53)/(2/14). Let l = 442 + r. What are the prime factors of l?
3, 11
Let t = 54136 + -36682. What are the prime factors of t?
2, 3, 2909
Let m(o) = -140*o - 140. Let s(g) = -70*g - 70. Let a(b) = -4*m(b) + 9*s(b). What are the prime factors of a(-9)?
2, 5, 7
Suppose -3*j - 2*j - 16 = -4*c, -8 = -2*j - 2*c. Suppose j*y = -5*y, 1 = -b + 3*y. Let w(v) = -199*v + 10. What are the prime factors of w(b)?
11, 19
Let y(o) be the first derivative of 38*o**3/3 - 4*o**2 + 72*o + 66. List the prime factors of y(5).
2, 491
Suppose 0 = -537*j + 540*j - 5415. List the prime factors of (-1*1)/(j/(-360) - -5).
2, 3
Suppose 0 = v - 9*v + 32. Suppose t - 4761 = -v*n - n, 2*t + 3806 = 4*n. List the prime factors of n.
2, 7, 17
Suppose 52*c - 2543989 = 92255. What are the prime factors of c?
3, 43, 131
Let n(l) = 5*l**2 + l + 4849. What are the prime factors of n(0)?
13, 373
Suppose -59*p - 116007 + 2723027 + 30103 = 0. What are the prime factors of p?
3, 47, 317
Let i = -309 + 627. Suppose -32*a = -31*a - i. Suppose 292 + a = 5*l. List the prime factors of l.
2, 61
Let i(s) = 1241*s - 51. Let c(m) = 155*m - 6. Let r(j) = -51*c(j) + 6*i(j). List the prime factors of r(-1).
3, 17
Let u = 539 - 538. Let l be (-3 - -2)/((-2)/42). List the prime factors of 18/l*(u + 125)/1.
2, 3
Let j = -49 + 51. Let v be 3*6*(-34)/j. Let h = 457 + v. List the prime factors of h.
151
Let h(c) = 9*c + 29 + 0*c**2 - 13 + 22*c**3 - 17 - 9*c**2. List the prime factors of h(3).
7, 11
Let o = -2119 - -4886. Suppose o = 5*s - 8. What are the prime factors of s?
3, 5, 37
Suppose -81*i + 87014 = -202804. List the prime factors of i.
2, 1789
Suppose -18 = -5*s + n, -3*n = 4*s - 2 - 1. Let y = 10 - -338. Suppose w + s*w - y = 0. List the prime factors of w.
3, 29
Suppose -4*o = o - 340. Suppose l - o = 236. What are the prime factors of l?
2, 19
Let q be 9/12*2*28. What are the prime factors of q/63 - (-1054)/3?
2, 11
Suppose 4 = 5*q - 6. Suppose 0 = i - q*i + 3*d + 19, -4*i - 2*d + 20 = 0. What are the prime factors of i?
7
Let j = 117 + -114. Suppose 5*o + 0*o - 34 = -3*w, 0 = o + j*w - 14. Suppose 1156 = o*r + 286. What are the prime factors of r?
2, 3, 29
Let v be (312/(-30) - (-3)/(-5))*-1. Suppose -v*y + 2448 = -3*y. List the prime factors of y.
2, 3, 17
Let x = 80 - 81. Let t be 777/12*(x - 3). Let p = -100 - t. List the prime factors of p.
3, 53
Suppose 4*o - 12 + 44 = 0. Let c(i) = -5*i**3 + 2*i + 3. Let w be c(-2). Let m = w + o. What are the prime factors of m?
31
Suppose -3*t - 3*t = -36*t + 181710. What are the prime factors of t?
3, 673
Suppose 577*o - 23923881 = -2180758 - 2289568. What are the prime factors of o?
5, 11, 613
Let p be (1 - 0 - 1)/(-2). Suppose p = -5*i - 3*y + 3842, 32*i - 36*i + 5*y + 3081 = 0. What are the prime factors of i?
769
Let g(c) = 15*c**2 - 5*c + 2. Let o be g(-8). Suppose -5*j - 2*u + o = -j, -4*u = -4. What are the prime factors of j?
2, 5
Suppose 0 = 4*d - 5*l - 16471, 4*d - 2*l - 8448 = 8026. List the prime factors of d.
3, 1373
Let u be -2*(0 + -2269 + 2). Suppose -4682 = -12*y + u. What are the prime factors of y?
2, 3
Let q = 66271 + -24797. What are the prime factors of q?
2, 89, 233
Suppose 4*t = 3*r - 201, 10*r - 9*r - 152 = 3*t. Let q = t - -50. What are the prime factors of (-1)/q*(-3 - -176)?
173
What are the prime factors of -5 - 217473*(-4)/12?
2, 3, 4027
Let j be 16/((-69)/18 - (-7 - -3)). Suppose 0 = -92*d + j*d - 984. What are the prime factors of d - (1 + 1 - (3 + -1))?
2, 3, 41
Let f(i) = i**3 - 7*i**2 + 8. Let c be f(7). Suppose 7 + 3 = 5*z, 3*m - c = -z. Suppose t = 3*o + 104, m*t - 69 = -4*o + 89. List the prime factors of t.
89
Let w(p) = -2*p**3 - 17*p**2 + 4*p - 19. Let r be w(-10). Suppose -2*b = -3*b - 4*q + 235, -b + 2*q + r = 0. List the prime factors of b.
239
What are the prime factors of (4/22)/(804/84314274)?
23, 829
Suppose d = -9*d + 17010. Let b = d + -435. What are the prime factors of b?
2, 3, 211
What are the prime factors of 4 + 80/(-24) + 22534/3?
2, 3, 313
Suppose -4*a - 6 = 3*w, 5 = -2*a - 1. List the prime factors of (3 - (0/3 - 1151))/w.
577
Let m(l) = -158*l + 12. Let q be m(-4). Suppose -215 - q = -u. List the prime factors of u.
859
List the prime factors of 276/2346 + (-815994)/(-51).
2, 5
Suppose -104720 = -55*w + 20*w. What are the prime factors of (-4 - 2) + w/8?
2, 23
Let n = -40 - -42. Suppose -66 = n*z - 4*z. Suppose 0 = -d + 38 + z. List the prime factors of d.
71
Let d(v) = 521*v**2 - 52*v + 173. What are the prime factors of d(4)?
3, 2767
Let s be 7/((-21)/(-45))*8. Let b be -1 - 11/((-55)/s). Suppose -2*y + 4*q = -28, 4*y + 3*q + 0*q = b. List the prime factors of y.
2
What are the prime factors of (-108)/14*77686/(-186)?
2, 3, 179
Suppose 16 - 316 = -10*k. List the prime factors of 12544/k + 14/(-105).
2, 11, 19
Suppose 66*a + 220 = 22. Let x = 168 + -114. Let v = x - a. List the prime factors of v.
3, 19
Let t be 1 - (3 + -414) - 8/2. Suppose 2*h = -t + 1222. What are the prime factors of h?
11, 37
Let k = 3596 - 2735. What are the prime factors of k?
3, 7, 41
Suppose 0 = 8*s - 2*s - 60. Let o be 2/(-1)*(-15)/s. Suppose r - 18 = l - o, r - 20 = 2*l. List the prime factors of r.
2, 5
What are the prime factors of (-5185043)/(-159) + 2*(-5)/((-30)/(-4))?
32609
Let v(o) = -o**2 - 8*o - 11. Let u be v(-4). Suppose -2*s + 732 = u*f, 0*s - 3*s - 12 = 0. List the prime factors of f.
2, 37
Let s = 22828 - 11127. List the prime factors of s.
11701
Let l = -4490 + 4348. Suppose -t = -0*t - 237. Let z = l + t. What are the prime factors of z?
5, 19
Suppose 147*o - 146*o + 2*g - 4015 = 0, 5*o - 20095 = -5*g. List the prime factors of o.
3, 149
Let d = 8560 - 2124. List the prime factors of d.
2, 1609
Let x(y) = -4*y**3 + y**2 + y + 1. Let h be x(-2). Let s be 14/h - 3/(-5) - 19. Let n(c) = c**3 + 18*c**2 + 6. What are the prime factors of n(s)?
2, 3
Suppose -166 = -f + 132. Suppose -4*o + 3*o = -5. Suppose -4*w + f = s, o*s = -3*w - 65 + 297. List the prime factors of w.
2, 37
Let q(z) = 364*z + 4215. List the prime factors of q(27).
3, 31, 151
Let u(n) = 33115*n + 386. What are the prime factors of u(2)?
2, 11, 757
Suppose 22*v = -y + 20*v + 1873, 2*y + 3*v - 3742 = 0. List the prime factors of y.
5, 373
What are the prime factors of ((-2848)/18)/(22/(-968)) + 6/27?
2, 59
Suppose -2*c + 3*c = -3*r + 51, 2*c - 104 = -4*r. Suppose 0 = 9*d - c - 63. Suppose 3*i + 720 = 4*l, 0 = -l - 5*i + d + 144. What are the prime factors of l?
3, 59
Let w = 1 - -4. Suppose 5*i = 4*f + 50, 2*i = -w*f + 3 + 17. Let g = 57 - i. What are the prime factors of g?
47
Let z = -126 + 128. What are the prime factors of (-50060)/(-180) + z/(-18) + 1?
3, 31
Let d(s) = -12*s + 19. Let o be 3/(-2) + ((-441)/(-2))/(-7). Let l = o + 23. What are the prime factors of d(l)?
139
Let r be (-13 + 3)/(-2 - (-1)/1). Let q(b) = b**3 - 11*b**2 + 7*b + 22. Let l be q(r). Let m(j) = j**3 + 9*j**2 + 3*j + 15. What are the prime factors of m(l)?
5, 11
Suppose -75*x + 118994 + 130402 = -1384554. What are the prime factors of x?
2, 3, 3631
Suppose 14*i - 16 = 40. Suppose 0 = -3*r + 2 + i. Suppose -r*l = 4*j - 12 - 10, 3*l - 9 = 2*j. What are the prime factors of j?
3
Suppose 0 = -5*u - 4*a + 35106, -90*u - 3*a - 14047 = -92*u. List the prime factors of u.
2, 3511
Suppose -r + 4*r = -3630 + 41034. List the prime factors of r.
2, 3, 1039
List the prime factors of (9 + 361/(-38))/((-1)/40224).
2, 3, 419
Let o = 728 + -113. Suppose 4*u + 5*z = -0*z + 823, 3*u - o = -3*z. What are the prime factors of u?
2, 101
Suppose -2*w = a - 85497, -70*w + 74*w - 2*a - 170974 = 0. List the prime factors of w.
2, 11, 29, 67
List the prime factors of (-3 + -1 - -3)/(5695308/(-1139058) - -5).
63281
Suppose u = -4*c - 34, 3*c - u = -2*u - 26. List the prime factors of c + (1241 - (-1 + 4)).
2, 3, 5, 41
Let v(s) = -9*s**2 + 9*s - 52. Let m be v(5). Suppose -3*u - 1630 = 2*u. Let c = m - u. List the prime factors of c.
2, 47
Let j = 347 + -342. What are the prime factors of 345*(26/j - 4)?
2, 3, 23
Let f(t) = 8*t**2 + 4*t - 7. Let j be f(-4). Suppose -3*